{"id":5215,"date":"2011-01-06T12:58:56","date_gmt":"2017-03-31T12:27:04","guid":{"rendered":"http:\/\/new.isf.fo\/?page_id=5215"},"modified":"2025-11-14T11:40:13","modified_gmt":"2025-11-14T11:40:13","slug":"urvalleinkir","status":"publish","type":"page","link":"https:\/\/isf.fo\/en\/urvalleinkir\/","title":{"rendered":"\u00darval"},"content":{"rendered":"<div class=\"wp-block-group\"><div class=\"wp-block-group__inner-container is-layout-constrained wp-block-group-is-layout-constrained\">\n<div style=\"height:27px\" aria-hidden=\"true\" class=\"wp-block-spacer\"><\/div>\n\n\n\n<blockquote class=\"wp-block-quote is-layout-flow wp-block-quote-is-layout-flow\">\n<p><strong><mark style=\"background-color:rgba(0, 0, 0, 0)\" class=\"has-inline-color has-black-color\"><em>&#8220;at bera ta\u00f0 merki\u00f0, sum ey\u00f0kennir verki\u00f0,<br>i\u00f0 var\u00f0veitir F\u00f8royar, m\u00edtt land!<\/em><\/mark><\/strong>&#8221; -T\u00fa alfagra land m\u00edtt. <\/p>\n<\/blockquote>\n\n\n\n<div style=\"height:29px\" aria-hidden=\"true\" class=\"wp-block-spacer\"><\/div>\n\n\n\n<h2 class=\"wp-block-heading\">Stutt um \u00darval<\/h2>\n\n\n\n<p>F\u00f8roysk \u00farvals\u00edtr\u00f3ttarf\u00f3lk hugtaka, kveikja og samla F\u00f8royar \u00e1 heilt serstakan h\u00e1tt, t\u00e1 i\u00f0 tey<br>d\u00fagliga fremja s\u00edn \u00edtr\u00f3tt \u00e1 altj\u00f3\u00f0a pallinum og kempa fyri F\u00f8royar. \u00darval arbei\u00f0ir fyri at menna og<br>stu\u00f0la f\u00f8royskum \u00farvals\u00edtr\u00f3ttarf\u00f3lki og \u00farvals\u00edtr\u00f3ttarumhv\u00f8rvinum \u00e1 sosialan og<br>samfelagsvir\u00f0iligan h\u00e1tt.<\/p>\n\n\n\n<div style=\"height:34px\" aria-hidden=\"true\" class=\"wp-block-spacer\"><\/div>\n\n\n\n<h2 class=\"wp-block-heading\">Leinkir<\/h2>\n\n\n\n<div style=\"height:34px\" aria-hidden=\"true\" class=\"wp-block-spacer\"><\/div>\n\n\n\n<p><a href=\"https:\/\/isf.fo\/en\/urval\/\">N\u00fdggj stu\u00f0ulsskipan.<\/a><\/p>\n\n\n\n<p><a href=\"https:\/\/isf.fo\/en\/urvalstaenastur\/\">\u00darvalst\u00e6nastur.<\/a><\/p>\n\n\n\n<p><a href=\"https:\/\/isf.fo\/en\/urvalsidkari-a-midnam\/\">S\u00f8k um at gerast \u00farvals\u00ed\u00f0kari \u00e1 mi\u00f0n\u00e1m.<\/a><\/p>\n\n\n\n<p><a href=\"https:\/\/isf.fo\/en\/urvalsidkarar-umlogd-undirvising\/\">\u00darvals\u00ed\u00f0karar &#8211; Uml\u00f8gd undirv\u00edsing.<\/a><\/p>\n\n\n\n<p><a href=\"https:\/\/isf.fo\/en\/urvalsidkarar-royndir-og-provtokur\/\">\u00darvals\u00ed\u00f0karar &#8211; Royndir og pr\u00f3vt\u00f8kur.<\/a><\/p>\n\n\n\n<div style=\"height:50px\" aria-hidden=\"true\" class=\"wp-block-spacer\"><\/div>\n<\/div><\/div>\n\n\n\n<p><\/p>","protected":false},"excerpt":{"rendered":"<p>&#8220;at bera ta\u00f0 merki\u00f0, sum ey\u00f0kennir verki\u00f0,i\u00f0 var\u00f0veitir F\u00f8royar, m\u00edtt land!&#8221; -T\u00fa alfagra land m\u00edtt. Stutt um \u00darval F\u00f8roysk \u00farvals\u00edtr\u00f3ttarf\u00f3lk [&hellip;]<\/p>\n","protected":false},"author":17,"featured_media":12884,"parent":0,"menu_order":36,"comment_status":"closed","ping_status":"closed","template":"","meta":{"_acf_changed":false,"_relevanssi_hide_post":"","_relevanssi_hide_content":"","_relevanssi_pin_for_all":"","_relevanssi_pin_keywords":"","_relevanssi_unpin_keywords":"","_relevanssi_related_keywords":"","_relevanssi_related_include_ids":"","_relevanssi_related_exclude_ids":"","_relevanssi_related_no_append":"","_relevanssi_related_not_related":"","_relevanssi_related_posts":"","_relevanssi_noindex_reason":"","inline_featured_image":false,"footnotes":""},"class_list":["post-5215","page","type-page","status-publish","has-post-thumbnail","hentry"],"acf":[],"yoast_head":"<!-- This site is optimized with the Yoast SEO plugin v27.5 - https:\/\/yoast.com\/product\/yoast-seo-wordpress\/ -->\n<title>\u00darval - \u00cdtr\u00f3ttasamband F\u00f8roya<\/title>\n<meta name=\"robots\" content=\"index, follow, max-snippet:-1, max-image-preview:large, max-video-preview:-1\" \/>\n<link rel=\"canonical\" href=\"https:\/\/isf.fo\/en\/urvalleinkir\/\" \/>\n<meta property=\"og:locale\" content=\"en_US\" \/>\n<meta property=\"og:type\" content=\"article\" \/>\n<meta property=\"og:title\" content=\"\u00darval - \u00cdtr\u00f3ttasamband F\u00f8roya\" \/>\n<meta property=\"og:description\" content=\"&#8220;at bera ta\u00f0 merki\u00f0, sum ey\u00f0kennir verki\u00f0,i\u00f0 var\u00f0veitir F\u00f8royar, m\u00edtt land!&#8221; -T\u00fa alfagra land m\u00edtt. Stutt um \u00darval F\u00f8roysk \u00farvals\u00edtr\u00f3ttarf\u00f3lk [&hellip;]\" \/>\n<meta property=\"og:url\" content=\"https:\/\/isf.fo\/en\/urvalleinkir\/\" \/>\n<meta property=\"og:site_name\" content=\"\u00cdtr\u00f3ttasamband F\u00f8roya\" \/>\n<meta property=\"article:publisher\" content=\"https:\/\/www.facebook.com\/itrottasambandid\" \/>\n<meta property=\"article:modified_time\" content=\"2025-11-14T11:40:13+00:00\" \/>\n<meta name=\"twitter:card\" content=\"summary_large_image\" \/>\n<meta name=\"twitter:label1\" content=\"Est. reading time\" \/>\n\t<meta name=\"twitter:data1\" content=\"1 minute\" \/>\n<script type=\"application\/ld+json\" class=\"yoast-schema-graph\">{\"@context\":\"https:\\\/\\\/schema.org\",\"@graph\":[{\"@type\":\"WebPage\",\"@id\":\"https:\\\/\\\/isf.fo\\\/urvalleinkir\\\/\",\"url\":\"https:\\\/\\\/isf.fo\\\/urvalleinkir\\\/\",\"name\":\"\u00darval - \u00cdtr\u00f3ttasamband F\u00f8roya\",\"isPartOf\":{\"@id\":\"https:\\\/\\\/isf.fo\\\/#website\"},\"primaryImageOfPage\":{\"@id\":\"https:\\\/\\\/isf.fo\\\/urvalleinkir\\\/#primaryimage\"},\"image\":{\"@id\":\"https:\\\/\\\/isf.fo\\\/urvalleinkir\\\/#primaryimage\"},\"thumbnailUrl\":\"https:\\\/\\\/isf.fo\\\/wp-content\\\/uploads\\\/2025\\\/06\\\/Merkid.avif\",\"datePublished\":\"2017-03-31T12:27:04+00:00\",\"dateModified\":\"2025-11-14T11:40:13+00:00\",\"breadcrumb\":{\"@id\":\"https:\\\/\\\/isf.fo\\\/urvalleinkir\\\/#breadcrumb\"},\"inLanguage\":\"en-US\",\"potentialAction\":[{\"@type\":\"ReadAction\",\"target\":[\"https:\\\/\\\/isf.fo\\\/urvalleinkir\\\/\"]}]},{\"@type\":\"ImageObject\",\"inLanguage\":\"en-US\",\"@id\":\"https:\\\/\\\/isf.fo\\\/urvalleinkir\\\/#primaryimage\",\"url\":\"https:\\\/\\\/isf.fo\\\/wp-content\\\/uploads\\\/2025\\\/06\\\/Merkid.avif\",\"contentUrl\":\"https:\\\/\\\/isf.fo\\\/wp-content\\\/uploads\\\/2025\\\/06\\\/Merkid.avif\"},{\"@type\":\"BreadcrumbList\",\"@id\":\"https:\\\/\\\/isf.fo\\\/urvalleinkir\\\/#breadcrumb\",\"itemListElement\":[{\"@type\":\"ListItem\",\"position\":1,\"name\":\"Home\",\"item\":\"https:\\\/\\\/isf.fo\\\/\"},{\"@type\":\"ListItem\",\"position\":2,\"name\":\"\u00darval\"}]},{\"@type\":\"WebSite\",\"@id\":\"https:\\\/\\\/isf.fo\\\/#website\",\"url\":\"https:\\\/\\\/isf.fo\\\/\",\"name\":\"\u00cdtr\u00f3ttasamband F\u00f8roya\",\"description\":\"\",\"publisher\":{\"@id\":\"https:\\\/\\\/isf.fo\\\/#organization\"},\"potentialAction\":[{\"@type\":\"SearchAction\",\"target\":{\"@type\":\"EntryPoint\",\"urlTemplate\":\"https:\\\/\\\/isf.fo\\\/?s={search_term_string}\"},\"query-input\":{\"@type\":\"PropertyValueSpecification\",\"valueRequired\":true,\"valueName\":\"search_term_string\"}}],\"inLanguage\":\"en-US\"},{\"@type\":\"Organization\",\"@id\":\"https:\\\/\\\/isf.fo\\\/#organization\",\"name\":\"\u00cdtr\u00f3ttasamband F\u00f8roya\",\"url\":\"https:\\\/\\\/isf.fo\\\/\",\"logo\":{\"@type\":\"ImageObject\",\"inLanguage\":\"en-US\",\"@id\":\"https:\\\/\\\/isf.fo\\\/#\\\/schema\\\/logo\\\/image\\\/\",\"url\":\"https:\\\/\\\/isf.fo\\\/wp-content\\\/uploads\\\/2025\\\/06\\\/ISF_Olympic-Committee-logo.png\",\"contentUrl\":\"https:\\\/\\\/isf.fo\\\/wp-content\\\/uploads\\\/2025\\\/06\\\/ISF_Olympic-Committee-logo.png\",\"width\":618,\"height\":121,\"caption\":\"\u00cdtr\u00f3ttasamband F\u00f8roya\"},\"image\":{\"@id\":\"https:\\\/\\\/isf.fo\\\/#\\\/schema\\\/logo\\\/image\\\/\"},\"sameAs\":[\"https:\\\/\\\/www.facebook.com\\\/itrottasambandid\"]}]}<\/script>\n<!-- \/ Yoast SEO plugin. -->","yoast_head_json":{"title":"\u00darval - \u00cdtr\u00f3ttasamband F\u00f8roya","robots":{"index":"index","follow":"follow","max-snippet":"max-snippet:-1","max-image-preview":"max-image-preview:large","max-video-preview":"max-video-preview:-1"},"canonical":"https:\/\/isf.fo\/en\/urvalleinkir\/","og_locale":"en_US","og_type":"article","og_title":"\u00darval - \u00cdtr\u00f3ttasamband F\u00f8roya","og_description":"&#8220;at bera ta\u00f0 merki\u00f0, sum ey\u00f0kennir verki\u00f0,i\u00f0 var\u00f0veitir F\u00f8royar, m\u00edtt land!&#8221; -T\u00fa alfagra land m\u00edtt. Stutt um \u00darval F\u00f8roysk \u00farvals\u00edtr\u00f3ttarf\u00f3lk [&hellip;]","og_url":"https:\/\/isf.fo\/en\/urvalleinkir\/","og_site_name":"\u00cdtr\u00f3ttasamband F\u00f8roya","article_publisher":"https:\/\/www.facebook.com\/itrottasambandid","article_modified_time":"2025-11-14T11:40:13+00:00","twitter_card":"summary_large_image","twitter_misc":{"Est. reading time":"1 minute"},"schema":{"@context":"https:\/\/schema.org","@graph":[{"@type":"WebPage","@id":"https:\/\/isf.fo\/urvalleinkir\/","url":"https:\/\/isf.fo\/urvalleinkir\/","name":"\u00darval - \u00cdtr\u00f3ttasamband F\u00f8roya","isPartOf":{"@id":"https:\/\/isf.fo\/#website"},"primaryImageOfPage":{"@id":"https:\/\/isf.fo\/urvalleinkir\/#primaryimage"},"image":{"@id":"https:\/\/isf.fo\/urvalleinkir\/#primaryimage"},"thumbnailUrl":"https:\/\/isf.fo\/wp-content\/uploads\/2025\/06\/Merkid.avif","datePublished":"2017-03-31T12:27:04+00:00","dateModified":"2025-11-14T11:40:13+00:00","breadcrumb":{"@id":"https:\/\/isf.fo\/urvalleinkir\/#breadcrumb"},"inLanguage":"en-US","potentialAction":[{"@type":"ReadAction","target":["https:\/\/isf.fo\/urvalleinkir\/"]}]},{"@type":"ImageObject","inLanguage":"en-US","@id":"https:\/\/isf.fo\/urvalleinkir\/#primaryimage","url":"https:\/\/isf.fo\/wp-content\/uploads\/2025\/06\/Merkid.avif","contentUrl":"https:\/\/isf.fo\/wp-content\/uploads\/2025\/06\/Merkid.avif"},{"@type":"BreadcrumbList","@id":"https:\/\/isf.fo\/urvalleinkir\/#breadcrumb","itemListElement":[{"@type":"ListItem","position":1,"name":"Home","item":"https:\/\/isf.fo\/"},{"@type":"ListItem","position":2,"name":"\u00darval"}]},{"@type":"WebSite","@id":"https:\/\/isf.fo\/#website","url":"https:\/\/isf.fo\/","name":"\u00cdtr\u00f3ttasamband F\u00f8roya","description":"","publisher":{"@id":"https:\/\/isf.fo\/#organization"},"potentialAction":[{"@type":"SearchAction","target":{"@type":"EntryPoint","urlTemplate":"https:\/\/isf.fo\/?s={search_term_string}"},"query-input":{"@type":"PropertyValueSpecification","valueRequired":true,"valueName":"search_term_string"}}],"inLanguage":"en-US"},{"@type":"Organization","@id":"https:\/\/isf.fo\/#organization","name":"\u00cdtr\u00f3ttasamband F\u00f8roya","url":"https:\/\/isf.fo\/","logo":{"@type":"ImageObject","inLanguage":"en-US","@id":"https:\/\/isf.fo\/#\/schema\/logo\/image\/","url":"https:\/\/isf.fo\/wp-content\/uploads\/2025\/06\/ISF_Olympic-Committee-logo.png","contentUrl":"https:\/\/isf.fo\/wp-content\/uploads\/2025\/06\/ISF_Olympic-Committee-logo.png","width":618,"height":121,"caption":"\u00cdtr\u00f3ttasamband F\u00f8roya"},"image":{"@id":"https:\/\/isf.fo\/#\/schema\/logo\/image\/"},"sameAs":["https:\/\/www.facebook.com\/itrottasambandid"]}]}},"_links":{"self":[{"href":"https:\/\/isf.fo\/en\/wp-json\/wp\/v2\/pages\/5215","targetHints":{"allow":["GET"]}}],"collection":[{"href":"https:\/\/isf.fo\/en\/wp-json\/wp\/v2\/pages"}],"about":[{"href":"https:\/\/isf.fo\/en\/wp-json\/wp\/v2\/types\/page"}],"author":[{"embeddable":true,"href":"https:\/\/isf.fo\/en\/wp-json\/wp\/v2\/users\/17"}],"replies":[{"embeddable":true,"href":"https:\/\/isf.fo\/en\/wp-json\/wp\/v2\/comments?post=5215"}],"version-history":[{"count":17,"href":"https:\/\/isf.fo\/en\/wp-json\/wp\/v2\/pages\/5215\/revisions"}],"predecessor-version":[{"id":13273,"href":"https:\/\/isf.fo\/en\/wp-json\/wp\/v2\/pages\/5215\/revisions\/13273"}],"wp:featuredmedia":[{"embeddable":true,"href":"https:\/\/isf.fo\/en\/wp-json\/wp\/v2\/media\/12884"}],"wp:attachment":[{"href":"https:\/\/isf.fo\/en\/wp-json\/wp\/v2\/media?parent=5215"}],"curies":[{"name":"wp","href":"https:\/\/api.w.org\/{rel}","templated":true}]}}

Úrval

<div class="wp-block-group"><div class="wp-block-group__inner-container is-layout-constrained wp-block-group-is-layout-constrained">
<div style="height:27px" aria-hidden="true" class="wp-block-spacer"></div>



<blockquote class="wp-block-quote is-layout-flow wp-block-quote-is-layout-flow">
<p><strong><mark style="background-color:rgba(0, 0, 0, 0)" class="has-inline-color has-black-color"><em>&#8220;at bera tað merkið, sum eyðkennir verkið,<br>ið varðveitir Føroyar, mítt land!</em></mark></strong>&#8221; -Tú alfagra land mítt. </p>
</blockquote>



<div style="height:29px" aria-hidden="true" class="wp-block-spacer"></div>



<h2 class="wp-block-heading">Stutt um Úrval</h2>



<p>Føroysk úrvalsítróttarfólk hugtaka, kveikja og samla Føroyar á heilt serstakan hátt, tá ið tey<br>dúgliga fremja sín ítrótt á altjóða pallinum og kempa fyri Føroyar. Úrval arbeiðir fyri at menna og<br>stuðla føroyskum úrvalsítróttarfólki og úrvalsítróttarumhvørvinum á sosialan og<br>samfelagsvirðiligan hátt.</p>



<div style="height:34px" aria-hidden="true" class="wp-block-spacer"></div>



<h2 class="wp-block-heading">Leinkir</h2>



<div style="height:34px" aria-hidden="true" class="wp-block-spacer"></div>



<p><a href="https://isf.fo/en/urval/">Nýggj stuðulsskipan.</a></p>



<p><a href="https://isf.fo/en/urvalstaenastur/">Úrvalstænastur.</a></p>



<p><a href="https://isf.fo/en/urvalsidkari-a-midnam/">Søk um at gerast úrvalsíðkari á miðnám.</a></p>



<p><a href="https://isf.fo/en/urvalsidkarar-umlogd-undirvising/">Úrvalsíðkarar &#8211; Umløgd undirvísing.</a></p>



<p><a href="https://isf.fo/en/urvalsidkarar-royndir-og-provtokur/">Úrvalsíðkarar &#8211; Royndir og próvtøkur.</a></p>



<div style="height:50px" aria-hidden="true" class="wp-block-spacer"></div>
</div></div>



<p></p>

<p>&#8220;at bera tað merkið, sum eyðkennir verkið,ið varðveitir Føroyar, mítt land!&#8221; -Tú alfagra land mítt. Stutt um Úrval Føroysk úrvalsítróttarfólk [&hellip;]</p>

<!-- This site is optimized with the Yoast SEO plugin v27.5 - https://yoast.com/product/yoast-seo-wordpress/ -->
<title>Úrval - Ítróttasamband Føroya</title>
<meta name="robots" content="index, follow, max-snippet:-1, max-image-preview:large, max-video-preview:-1" />
<link rel="canonical" href="https://isf.fo/en/urvalleinkir/" />
<meta property="og:locale" content="en_US" />
<meta property="og:type" content="article" />
<meta property="og:title" content="Úrval - Ítróttasamband Føroya" />
<meta property="og:description" content="&#8220;at bera tað merkið, sum eyðkennir verkið,ið varðveitir Føroyar, mítt land!&#8221; -Tú alfagra land mítt. Stutt um Úrval Føroysk úrvalsítróttarfólk [&hellip;]" />
<meta property="og:url" content="https://isf.fo/en/urvalleinkir/" />
<meta property="og:site_name" content="Ítróttasamband Føroya" />
<meta property="article:publisher" content="https://www.facebook.com/itrottasambandid" />
<meta property="article:modified_time" content="2025-11-14T11:40:13+00:00" />
<meta name="twitter:card" content="summary_large_image" />
<meta name="twitter:label1" content="Est. reading time" />
	<meta name="twitter:data1" content="1 minute" />
<script type="application/ld+json" class="yoast-schema-graph">{"@context":"https:\/\/schema.org","@graph":[{"@type":"WebPage","@id":"https:\/\/isf.fo\/urvalleinkir\/","url":"https:\/\/isf.fo\/urvalleinkir\/","name":"Úrval - Ítróttasamband Føroya","isPartOf":{"@id":"https:\/\/isf.fo\/#website"},"primaryImageOfPage":{"@id":"https:\/\/isf.fo\/urvalleinkir\/#primaryimage"},"image":{"@id":"https:\/\/isf.fo\/urvalleinkir\/#primaryimage"},"thumbnailUrl":"https:\/\/isf.fo\/wp-content\/uploads\/2025\/06\/Merkid.avif","datePublished":"2017-03-31T12:27:04+00:00","dateModified":"2025-11-14T11:40:13+00:00","breadcrumb":{"@id":"https:\/\/isf.fo\/urvalleinkir\/#breadcrumb"},"inLanguage":"en-US","potentialAction":[{"@type":"ReadAction","target":["https:\/\/isf.fo\/urvalleinkir\/"]}]},{"@type":"ImageObject","inLanguage":"en-US","@id":"https:\/\/isf.fo\/urvalleinkir\/#primaryimage","url":"https:\/\/isf.fo\/wp-content\/uploads\/2025\/06\/Merkid.avif","contentUrl":"https:\/\/isf.fo\/wp-content\/uploads\/2025\/06\/Merkid.avif"},{"@type":"BreadcrumbList","@id":"https:\/\/isf.fo\/urvalleinkir\/#breadcrumb","itemListElement":[{"@type":"ListItem","position":1,"name":"Home","item":"https:\/\/isf.fo\/"},{"@type":"ListItem","position":2,"name":"Úrval"}]},{"@type":"WebSite","@id":"https:\/\/isf.fo\/#website","url":"https:\/\/isf.fo\/","name":"Ítróttasamband Føroya","description":"","publisher":{"@id":"https:\/\/isf.fo\/#organization"},"potentialAction":[{"@type":"SearchAction","target":{"@type":"EntryPoint","urlTemplate":"https:\/\/isf.fo\/?s={search_term_string}"},"query-input":{"@type":"PropertyValueSpecification","valueRequired":true,"valueName":"search_term_string"}}],"inLanguage":"en-US"},{"@type":"Organization","@id":"https:\/\/isf.fo\/#organization","name":"Ítróttasamband Føroya","url":"https:\/\/isf.fo\/","logo":{"@type":"ImageObject","inLanguage":"en-US","@id":"https:\/\/isf.fo\/#\/schema\/logo\/image\/","url":"https:\/\/isf.fo\/wp-content\/uploads\/2025\/06\/ISF_Olympic-Committee-logo.png","contentUrl":"https:\/\/isf.fo\/wp-content\/uploads\/2025\/06\/ISF_Olympic-Committee-logo.png","width":618,"height":121,"caption":"Ítróttasamband Føroya"},"image":{"@id":"https:\/\/isf.fo\/#\/schema\/logo\/image\/"},"sameAs":["https:\/\/www.facebook.com\/itrottasambandid"]}]}</script>
<!-- / Yoast SEO plugin. -->

Úrval - Ítróttasamband Føroya

&#8220;at bera tað merkið, sum eyðkennir verkið,ið varðveitir Føroyar, mítt land!&#8221; -Tú alfagra land mítt. Stutt um Úrval Føroysk úrvalsítróttarfólk [&hellip;]

Ítróttasamband Føroya
